ed by 1*(-6)/(-14) + (-32)/(-7).
0
Let g(z) = -4*z**2 - 3 + 0 + 4 - 2*z + 3*z**2. Suppose 5*x = -1 + 6. What is the remainder when x is divided by g(-2)?
0
Let w(r) = r**3 - 4*r**2 - 2*r + 1. Let a be w(4). Let c = -24 - -52. Calculate the remainder when c is divided by (-2)/7 - 72/a.
8
What is the remainder when ((-318)/(-21))/(10/70) is divided by 27?
25
Suppose 3*w = -w + 60. Let i = -34 - -40. What is the remainder when w is divided by i?
3
Suppose 0 = -3*k - 6 + 156. Let j = -49 + 75. What is the remainder when k is divided by j?
24
What is the remainder when (-32)/(-6)*(-15)/(-4) is divided by ((-2)/(-3))/(2/33)?
9
Suppose 6*g = g - 4*a + 777, -a = -5*g + 762. Suppose -5*o + g + 12 = 0. What is the remainder when o is divided by 12?
9
Let i(d) = -d - 39. Let p be i(0). Let t = p + 65. Let m = t + 24. What is the remainder when m is divided by 17?
16
Calculate the remainder when 70 is divided by (-1 - -5)*(-4 - -2)/(-1).
6
Suppose d - 2*f = 6, 0 = -3*d - 4*f + 2*f - 22. Suppose -4*x = -5*x - t + 5, -3*t + 9 = -3*x. Let h = x - d. Calculate the remainder when 19 is divided by h.
4
Let v(p) = -p**3 - 5*p**2 - p + 6. Let y be v(-5). Suppose -y - 15 = -2*d. Suppose 4*c - 19 = d. Calculate the remainder when c is divided by 5.
3
Suppose -4*t + 43 = -25. What is the remainder when 5 + 3/(6/80) is divided by t?
11
Suppose 9 + 3 = 3*u. Let x(j) = -4 - j - u*j + 8*j. What is the remainder when x(4) is divided by 5?
3
Let y = 10 - 4. Suppose 0 = y*d - d - 45. Calculate the remainder when 16 is divided by d.
7
Suppose 0 = -4*k + 7*k - 21. Calculate the remainder when k is divided by 1.
0
Let a = 6 + -14. Let i = 28 - a. Calculate the remainder when i is divided by 19.
17
Let m be 11/3 - (-2)/(-3). Let a(n) = n - 2. Calculate the remainder when 3 is divided by a(m).
0
Let r(n) = -n - 2. Let k be r(-3). Let x(y) = 10*y + 1. Let m(j) = 6*j + 1. Calculate the remainder when m(5) is divided by x(k).
9
Let p = 4 - 0. Let d = p + 0. Suppose -d = -5*c + c. Calculate the remainder when 1 is divided by c.
0
Let g(l) = -l**3 + 12*l**2 + 15*l. Calculate the remainder when 87 is divided by g(13).
9
Let h(q) = -2*q + 2. What is the remainder when h(-5) is divided by 6?
0
Let h(i) = 5*i - 3. Suppose -12 = -4*o + 16. Let z(j) = j**3 + 6*j**2 + 4*j - 5. Calculate the remainder when h(o) is divided by z(-4).
10
Suppose 0 = 2*x - 74 - 184. Calculate the remainder when x is divided by 33.
30
Let s = -21 - -61. What is the remainder when s is divided by (-80)/(-6) + 8/12?
12
Suppose -2*u + 6*u + 8 = 0. Let c(v) = 3*v**2 - v - 1. What is the remainder when (-74)/((4/2)/(-1)) is divided by c(u)?
11
Let c(p) = -p. Let r be c(-4). Suppose -2*d + b + 6 = -17, b - 43 = -r*d. Calculate the remainder when d is divided by 6.
5
Let u(r) = -r**2 + r. Let y be u(2). Let a = 37 - y. Calculate the remainder when a is divided by 10.
9
Let g = 24 + -10. Suppose 2*r + 3*f - 51 = 2*f, 2*r + 5*f = 39. What is the remainder when r is divided by g?
13
Let f(r) = r**3 - 2*r**2 + 4*r + 2. Let s be -3*((-8)/6)/1. Let t be f(s). Suppose -2*b = 3*b - t. Calculate the remainder when b is divided by 4.
2
Suppose -3*s + 28 = -3*k + 5*k, s = 3*k - 9. What is the remainder when (-78)/9*(-27)/s is divided by 21?
18
Let m = 32 - 23. Let w = -23 + 26. Suppose w*s + 83 = 2*c - 2*s, s - 99 = -3*c. What is the remainder when c is divided by m?
7
Suppose 2 = 5*l - 28. Suppose -5*v + 60 = v. What is the remainder when v is divided by l?
4
Suppose 135 = -5*r + 755. Let n = r + -67. Calculate the remainder when n is divided by 15.
12
Let z(l) = -3*l + 3. Suppose -1 = -3*j - 7. Let b = 21 - j. Calculate the remainder when b is divided by z(-3).
11
Let t(d) be the third derivative of -d**6/120 - d**5/15 - d**4/6 + d**3/6 + 6*d**2. Calculate the remainder when 13 is divided by t(-3).
1
Let v(z) = -z + 2. Let o be v(3). Let n = 4 - o. What is the remainder when 13 is divided by n?
3
Let a be 2*(-1)/2*1. Calculate the remainder when (-15)/((-1)/a*-1) is divided by 6.
3
Let y(x) = x**3 + 2*x**2 - x. Let c be y(-2). Suppose 5 - 1 = c*d. Suppose -l = -3, 13 = -d*o + 3*o + l. What is the remainder when 18 is divided by o?
8
Suppose 0*q = q. Suppose q*l - 2*l + 50 = 5*r, -75 = -5*r + 3*l. Suppose -4*y + r = -y. What is the remainder when y is divided by 2?
0
Suppose 7*m - 6*m = -4*t + 43, 1 = -m. Suppose -4*v = -206 + 42. Calculate the remainder when v is divided by t.
8
Calculate the remainder when ((-12)/(-14))/(4/140) is divided by 11.
8
Let c(t) be the first derivative of t**3/3 + 9*t**2/2 + 2*t + 1. Calculate the remainder when 35 is divided by c(-10).
11
Let f(r) = 2*r + 5. Suppose 0*u - 6 = -u. What is the remainder when f(3) is divided by u?
5
Let w = 4 - -11. What is the remainder when w is divided by 8?
7
Suppose -5*w + 22 = -4*p, 3*w = 4*p + p + 21. Calculate the remainder when w is divided by (2/(-4))/((-30)/(-24))*-5.
0
Let w(h) = -h**2 - 14*h - 12. Suppose 0*d + d = 12. What is the remainder when w(-11) is divided by d?
9
Let g = -14 + 28. Let j = 28 - 49. Let p = j + 47. What is the remainder when p is divided by g?
12
Let k(t) = t**2 + t. Suppose 2*g = 2*f, 0 = 3*f - 2*f + 3*g - 20. Calculate the remainder when f is divided by k(-2).
1
Suppose f - 8*f = -1596. Calculate the remainder when f is divided by 21.
18
Suppose 4*a = 45 + 27. Calculate the remainder when 70 is divided by a.
16
Suppose 0 = 5*i - 0*i + 70. Suppose 0 = -j + 24 - 11. What is the remainder when j is divided by (-3 + 5)/((-4)/i)?
6
Suppose -28 = -5*c + 3*x + 121, 0 = c - x - 29. Let m(g) = -g**2 + 8*g - 4. What is the remainder when c is divided by m(5)?
9
What is the remainder when (92/(-3))/(5/(-15)) is divided by 31?
30
Suppose 4*g = -0*g + 120. Calculate the remainder when g is divided by 11.
8
Suppose q + 51 = 4*q. Calculate the remainder when 33 is divided by q.
16
Let v(x) = -x**2 + 4*x - 2. Let q(d) = -2*d**2 + 7*d - 3. Let c(t) = -4*q(t) + 7*v(t). Let n = -1 - 1. What is the remainder when 5 is divided by c(n)?
1
Let t(v) = v**2 - 5*v - 4. Suppose -5*u + 47 = 7. What is the remainder when t(u) is divided by 11?
9
Suppose 24 = -2*a - 4*m + 90, 4*m = -5*a + 147. Let k(u) = u**2 + 3*u - 4. Calculate the remainder when a is divided by k(-6).
13
Suppose -o - 2*q + 7 = -5, q = 3*o - 29. Let z = -5 + 8. Suppose 49 = 3*v - 4*a, -65 = -z*v - 5*a + a. What is the remainder when v is divided by o?
9
Suppose -36 = -5*n + 4. Calculate the remainder when (-71 - -72)/(1/23) is divided by n.
7
Let m(k) be the first derivative of k**3/3 - 3*k**2 + k - 2. What is the remainder when 14 is divided by m(7)?
6
Suppose -5 = -d + 2*g, -5*d - 2*g + 5*g = -18. Suppose 2*k + 26 = -d*l + 5*l, 0 = -2*l - k + 41. Calculate the remainder when l is divided by 7.
4
Let s(m) = m**2 + 5*m - 2. Let d be s(-4). Let q be d/21 - (-135)/7. Suppose q = 2*w - 61. What is the remainder when w is divided by 14?
12
Let b(v) = 4 - v**2 + 2*v**2 - 4 - v. Calculate the remainder when 4 is divided by b(2).
0
Let i(l) = 5*l - 3*l - l**2 + 2*l - 1. Let b be i(2). Suppose 2*r - b*r = -58. What is the remainder when r is divided by 20?
18
Let j(l) = 2*l - 5. Let t(h) = -h + 11. Let v be t(-9). Suppose 2*f = -3*f + v. What is the remainder when j(6) is divided by f?
3
Suppose -5*h = -h - 48. Let s = 39 - 7. What is the remainder when s is divided by h?
8
What is the remainder when 35 is divided by 19*4/16*4?
16
Suppose 5*b - 36 = t + 66, -2*b = 2*t - 36. Suppose 3*g - 3*l = 12, 5*g - l - b = -2*l. Calculate the remainder when g is divided by 3.
1
Let z = 32 + -21. What is the remainder when z is divided by 7?
4
Suppose -2*b + 9 = 1. Suppose -b*x + 45 = -x. Suppose 3*p - 114 + 30 = 0. What is the remainder when p is divided by x?
13
Let f be 332/5 + 27/45. Let k = f + -43. Calculate the remainder when 95 is divided by k.
23
Let b = 109 - 41. Let d = b - 0. Let o = -13 - -36. What is the remainder when d is divided by o?
22
Let f(h) = 2*h**2 - 5*h + 2. What is the remainder when 27 is divided by f(4)?
13
Let h be ((-12)/(-10))/(3/15). Suppose h = c + c. What is the remainder when 7 is divided by c?
1
Let b = 108 - 68. What is the remainder when b is divided by 15?
10
What is the remainder when 37 is divided by -5 + 5 - (0 + -19)?
18
Let v = 2 - -7. Suppose -4*c - v = -d, -3*d 